32041 a prime number?
True
Is 7041382457 prime?
True
Is 15327915347 composite?
True
Is 96801435719 composite?
True
Is 3258536329 a composite number?
True
Is 10499899367 composite?
True
Is 946664597 prime?
True
Is 1437781057 prime?
False
Is 558812921 prime?
True
Is 57193654541 a composite number?
True
Is 7029629303 a prime number?
True
Is 17531030057 composite?
False
Is 10302899357 a prime number?
True
Is 196011936361 a prime number?
False
Is 1316704927 composite?
True
Is 1253562907 a prime number?
True
Is 2205677423 a prime number?
True
Is 110820599 a composite number?
True
Is 1027695489 a prime number?
False
Is 28758556819 composite?
False
Is 7305930617 a composite number?
True
Is 6150653021 prime?
False
Is 2737682759 a prime number?
False
Is 686009479 prime?
True
Is 3791534347 prime?
True
Is 3129451441 a composite number?
True
Is 303966727 composite?
False
Is 113142636317 a composite number?
False
Is 435268302643 prime?
True
Is 1251520147 a prime number?
False
Is 27786626183 a composite number?
False
Is 3334176797 a composite number?
True
Is 88143149 a prime number?
True
Is 29909823179 a composite number?
False
Is 2336341083 a prime number?
False
Is 89371338967 a composite number?
False
Is 12892779469 composite?
False
Is 59099541599 a composite number?
True
Is 24611045443 a composite number?
False
Is 42052422077 a prime number?
False
Is 5206407649 prime?
False
Is 853459951 prime?
True
Is 847302493 prime?
False
Is 1284998503 prime?
True
Is 1009491515 composite?
True
Is 5813168261 composite?
False
Is 370980679 composite?
True
Is 21439889753 a prime number?
True
Is 61395521857 prime?
False
Is 1529466479 prime?
False
Is 6890383 composite?
True
Is 994353761 a composite number?
True
Is 183800851649 a composite number?
False
Is 14316445681 prime?
True
Is 4872831 a prime number?
False
Is 44760224809 prime?
True
Is 1111934155 a composite number?
True
Is 7560490271 a composite number?
False
Is 1034495431 a prime number?
True
Is 564015533 a composite number?
False
Is 1687460261 a composite number?
False
Is 524403199 prime?
False
Is 2828142739 composite?
False
Is 2431466113 a prime number?
False
Is 3884851573 a composite number?
True
Is 3558302491 a composite number?
False
Is 441180382 a prime number?
False
Is 565769731 a prime number?
True
Is 12155243497 prime?
True
Is 2067297697 a prime number?
False
Is 18355297882 a prime number?
False
Is 21729266179 composite?
False
Is 10772634073 a prime number?
False
Is 10469720087 a prime number?
True
Is 327179542 composite?
True
Is 34154240299 prime?
True
Is 1178412977 a composite number?
True
Is 1453467913 a prime number?
True
Is 260948993 prime?
True
Is 144753851639 composite?
False
Is 739931249 a composite number?
False
Is 24748472299 a composite number?
True
Is 1361509339 a composite number?
True
Is 5386350419 a composite number?
True
Is 5171284501 composite?
True
Is 15734492537 composite?
True
Is 20199647723 a composite number?
False
Is 182750003 a prime number?
True
Is 339850583 a prime number?
False
Is 1363739593 prime?
True
Is 629221997 a prime number?
False
Is 64492558469 a prime number?
True
Is 7377493379 composite?
False
Is 64739374439 a prime number?
True
Is 318915221 composite?
False
Is 2497374073 prime?
False
Is 56487017 a composite number?
False
Is 10397014223 a composite number?
False
Is 25356151 prime?
False
Is 30719473067 a prime number?
True
Is 6628042979 a prime number?
True
Is 3480024487 composite?
False
Is 93043436029 a composite number?
True
Is 11247874259 a prime number?
False
Is 977983243 a prime number?
True
Is 121640965 a prime number?
False
Is 8777807083 a composite number?
False
Is 5624385223 a composite number?
True
Is 4291251457 a composite number?
False
Is 558600607 composite?
True
Is 7346953697 composite?
True
Is 4522204441 prime?
False
Is 1434252641 a composite number?
False
Is 1486128169 composite?
False
Is 67472971409 a composite number?
False
Is 892543579 a prime number?
True
Is 8931611513 prime?
False
Is 15929489507 a prime number?
False
Is 38356645477 composite?
False
Is 9327426182 a composite number?
True
Is 3348514313 prime?
True
Is 16973691121 composite?
True
Is 2997980441 a composite number?
True
Is 3632600797 prime?
False
Is 28757829469 prime?
False
Is 72266566213 a composite number?
False
Is 140711018369 a prime number?
False
Is 14620692133 a composite number?
False
Is 10174563683 composite?
False
Is 10698393514 a composite number?
True
Is 160410307247 composite?
False
Is 10365230957 a composite number?
True
Is 34634667538 a prime number?
False
Is 11579991653 composite?
True
Is 2987794759 composite?
False
Is 711712337 a prime number?
False
Is 7019433131 prime?
False
Is 41050562829 composite?
True
Is 190177788659 a composite number?
True
Is 137181529343 prime?
True
Is 3265502529 prime?
False
Is 1065876671 a prime number?
True
Is 7746987151 prime?
True
Is 5282450143 a prime number?
True
Is 470120303 a composite number?
False
Is 3992097521 composite?
True
Is 642635221 prime?
True
Is 1767539071 a composite number?
False
Is 353537669 a composite number?
True
Is 148931179099 composite?
True
Is 19621275763 a prime number?
False
Is 24314909701 prime?
False
Is 18283241047 a composite number?
True
Is 8219860331 prime?
True
Is 2217542911 a composite number?
True
Is 213212159 a composite number?
True
Is 26489833553 composite?
False
Is 4478021777 a composite number?
True
Is 2147177399 composite?
True
Is 1182170933 prime?
True
Is 95892781 a composite number?
True
Is 83497507 a prime number?
True
Is 61069206557 composite?
False
Is 26636723863 a prime number?
False
Is 14260301639 a prime number?
True
Is 3273017467 prime?
False
Is 197580802 composite?
True
Is 134258353 a composite number?
False
Is 2166637463 composite?
False
Is 671336221 prime?
True
Is 11770664821 a composite number?
False
Is 4568409907 a composite number?
False
Is 443257887 composite?
True
Is 19982611343 composite?
False
Is 1464646087 composite?
True
Is 5341396829 a prime number?
False
Is 301025533 a composite number?
True
Is 18844940423 a composite number?
False
Is 291399313 composite?
True
Is 58921207159 composite?
False
Is 542774317 a composite number?
True
Is 390547853 a prime number?
True
Is 5013652001 prime?
True
Is 82521123691 a prime number?
True
Is 9966382142 a composite number?
True
Is 8396102461 a composite number?
True
Is 9598337627 composite?
True
Is 41853528181 composite?
True
Is 1132245667 composite?
True
Is 1048978009 composite?
True
Is 1442537683 composite?
True
Is 538555163 prime?
True
Is 30707256403 a composite number?
False
Is 39001912849 a composite number?
True
Is 409453003 a prime number?
False
Is 6357517057 prime?
False
Is 1537680901 prime?
False
Is 21549699539 composite?
True
Is 1709819 prime?
False
Is 66709053997 a prime number?
True
Is 40778460923 prime?
True
Is 926201197 composite?
True
Is 13772435981 composite?
True
Is 75158770831 composite?
False
Is 4187184593 composite?
False
Is 2175562117 prime?
False
Is 1674242263 composite?
True
Is 132359970793 prime?
False
Is 4650288667 prime?
True
Is 43940176837 composite?
False
Is 10809392071 composite?
False
Is 9196261099 composite?
True
Is 1819979669 prime?
False
Is 3737835691 prime?
True
Is 10388695021 prime?
False
Is 13718575889 prime?
False
Is 351254219 prime?
True
Is 25490198759 a composite number?
True
Is 11612606433 prime?
False
Is 1754623347 composite?
True
Is 1021469609 prime?
True
Is 4913837251 a prime number?
False
Is 28139933 a composite number?
True
Is 89507749 a composite number?
False
Is 437485834 a prime number?
False
Is 1445019241 composite?
False
Is 96525179 a prime number?
True
Is 16285610489 composite?
False
Is 2411279191 composite?
False
Is 473978821 a composite number?
False
Is 153551819 a prime number?
True
Is 18268478981 a prime number?
False
Is 13532864647 composite?
False
Is 63855360481 a prime number?
False
Is 917347649 a prime number?
True
Is 78817614151 prime?
False
Is 1710361321 composite?
False
Is 4225181 a prime number?
False
Is 15984052313 a prime number?
True
Is 92962848247 a composite number?
True
Is 5224825403 prime?
False
Is 257653951 a prime number?
False
Is 2495090362 composite?
True
Is 9617687693 prime?
True
Is 1708841571 a prime number?
False
Is 21595409223 composite?
True
Is 2052870481 prime?
True
Is